+ 3*v = -25. What is the remainder when l is divided by w?
4
Calculate the remainder when 122/8 + (-9)/(-12) is divided by 6.
4
Suppose 4*n = 3*n + 26. Let i = 1 + 0. What is the remainder when n is divided by i/(1/9 - 0)?
8
Suppose 0 = -10*j + 6*j + 44. Calculate the remainder when j is divided by 8.
3
Suppose -l - 3*l = -5*i - 57, 0 = -2*l + 3*i + 29. What is the remainder when l is divided by 7?
6
Suppose -5*r = -3 - 2. Let z be -10*r*1/(-2). Let n = 17 - z. What is the remainder when n is divided by 7?
5
Let x(k) = 2*k**2 - k - 7. Let b = -24 + 20. Calculate the remainder when x(b) is divided by 16.
13
Let s = -1 - -2. What is the remainder when 7 is divided by s/3*(0 + 6)?
1
Let g = 1 - -7. Let u(v) = v**2 - 3*v - 8. Suppose -2*x = y - 33, -2*x + 0*y + 37 = -3*y. What is the remainder when u(g) is divided by x?
15
Suppose -5*k + 161 = 16. Calculate the remainder when k is divided by 5.
4
Suppose -5*o + 116 - 16 = 0. What is the remainder when o is divided by 8?
4
Let c(d) = 4*d**2 - 5*d + 2. Let v be (4/(-8))/(1/(-12)). Suppose -80 = -v*b + b. Calculate the remainder when c(4) is divided by b.
14
Suppose 2*w = -5*c + 133, 4*w - 2*c = -c + 211. What is the remainder when w is divided by 14?
12
Let a(l) = 3*l + 3. Let q(u) = -u**2 - 7*u + 4. Let b be q(-7). Let p be a(b). Let c = -10 + p. What is the remainder when 14 is divided by c?
4
Let d(i) = i**2 - 7*i - 6. Let y be d(8). Suppose -3*q = -3*u - 75, -y*u + q + 15 = 63. Let a = -7 - u. What is the remainder when a is divided by 6?
4
Let h = 3 + 7. Suppose q = 4*q - 54. What is the remainder when q is divided by h?
8
Suppose -3*g + 372 = g. Let n = g + -56. What is the remainder when n is divided by 13?
11
Let o(i) = 5*i**2 + 4*i + 2. Suppose 4*j + 0*j + t - 14 = 0, -5 = -5*j + 5*t. Suppose -4 = j*k - k. Calculate the remainder when 55 is divided by o(k).
13
Let q = 10 - 5. Suppose -n - 232 = -q*n. Calculate the remainder when n is divided by 20.
18
Suppose -1 - 20 = -3*w. Calculate the remainder when w is divided by -3*(-2)/(-6) + 3.
1
Let u(n) = 13*n - 12. Let c(s) = 53*s**2. Calculate the remainder when c(-1) is divided by u(3).
26
Suppose -3 = -a - 7. Calculate the remainder when (-1 + (-3)/(-6))*a is divided by 2.
0
Suppose 5*w = 12 - 2. Calculate the remainder when 4/(-14) + (-1582)/(-49) is divided by ((-1)/3)/(w/(-66)).
10
Let g = -2 + 4. Suppose -g*n + 2*l = -3*n + 41, n + 5*l = 53. Calculate the remainder when n is divided by (-12)/9*-3*3.
9
What is the remainder when 0 - (680/2)/(-5) is divided by 14?
12
Suppose -3 = -2*b - t, -5*b = 5*t - 7 + 2. Suppose -v = b*v - 45. Calculate the remainder when 28 is divided by v.
13
Suppose -2*x - 2*a = -6, 3*x + 1 = -7*a + 2*a. Suppose 0*j + 2*j - 102 = 0. Let t = j - 29. What is the remainder when t is divided by x?
6
Suppose 0*t = -2*t + 72. What is the remainder when t is divided by ((-26)/(-6))/(1/3)?
10
Let t be (-9)/(-21) - 370/(-35). What is the remainder when 932/44 - 2/t is divided by 6?
3
Suppose 5*m + 80 = 5*v, v - 6 = 4*m + 16. What is the remainder when 27 is divided by v?
13
Let g(x) = 25*x**2 - 1. Let l be g(1). What is the remainder when 12 is divided by l/(5 - 2) + -3?
2
Let i(w) = 7*w. Calculate the remainder when i(4) is divided by 17.
11
Let w(f) = f**3 - 3*f**2 + 6*f - 6. Suppose 6*l - 5*z = 2*l + 53, -5*z - 5 = 0. What is the remainder when w(4) is divided by l?
10
Suppose r = 1 - 5. Let z be (-10)/r + (-2)/(-4). Suppose z*o - 43 + 1 = 0. Calculate the remainder when o is divided by 4.
2
Suppose -3*c + 4*m - 6 + 3 = 0, -6 = -5*c + 3*m. What is the remainder when 15 is divided by c?
0
Suppose -2*d + 0*d + 72 = 0. Suppose k + 52 = 5*k. What is the remainder when d is divided by k?
10
Suppose 0 = 4*j + 4*i - 28, -2*i + 0*i = -3*j + 41. Calculate the remainder when j is divided by 3.
2
Let s = 176 - 96. Let r = s - 35. Calculate the remainder when r is divided by 12.
9
Suppose -11*b = -52 - 3. Calculate the remainder when b is divided by 3 + 0 + (2 - 2).
2
Suppose -5*q + q + 4 = 0. Suppose -p = -q - 6. Let z = -64 + 83. What is the remainder when z is divided by p?
5
Suppose 0*s - 3*s + 93 = -v, 111 = 4*s + 3*v. Suppose -3 = 13*y - 211. Calculate the remainder when s is divided by y.
14
Suppose 0*d = -4*l + 2*d + 128, 120 = 4*l - 4*d. Let o = 24 - 15. What is the remainder when l is divided by o?
7
Let w be 2 + -1 + 0 + 1. Let n = 12 + -9. Suppose -2*a - w*f - f = -1, n*a = 4*f + 44. Calculate the remainder when a is divided by 5.
3
Suppose -5*k - 294 = 411. Let u = k - -216. What is the remainder when u is divided by 19?
18
Let s(x) = x**3 - 18*x**2 + 2*x - 13. Calculate the remainder when 62 is divided by s(18).
16
Let n be (-162)/15 - (-2)/(-10). Let i = n + 13. Calculate the remainder when i is divided by 2.
0
What is the remainder when 28 is divided by (3 - -12)*(-4)/(-6)?
8
Suppose -n + 2 = -0*n. What is the remainder when n*-1 + (-15)/(-5) is divided by 1?
0
Let j(g) = -3*g**3 - 13*g**2 - 5*g + 17. Let r(a) = 5*a**3 + 20*a**2 + 7*a - 26. Let d(b) = 8*j(b) + 5*r(b). What is the remainder when 15 is divided by d(5)?
3
Let u = -4 - 0. Let s = 70 - 49. Let x = s + u. Calculate the remainder when 50 is divided by x.
16
Let i be 4/((-8)/2) - -5. Let f = i - -8. What is the remainder when 33 is divided by f?
9
Let q = -3 + 7. Suppose -2*w - q + 32 = 0. What is the remainder when 27 is divided by w?
13
Suppose -3*q = 4*t + 3, 2*t - 5*q - 27 = 4. Suppose -t*p + 45 - 6 = 0. Calculate the remainder when 0 + 1 - (-2 - 21) is divided by p.
11
Let h = -22 + 31. What is the remainder when 51 is divided by h?
6
Let m = -3 + 2. Let g = -1 - m. Suppose -4*n = 3*w - 97, g*w + n = 2*w - 50. Calculate the remainder when w is divided by 14.
13
Let c(g) = 4*g - 1. What is the remainder when 134 is divided by c(7)?
26
Let f(l) = -l**3 + 10*l**2 - 15*l - 6. What is the remainder when f(7) is divided by 13?
10
Suppose -b + 157 = 5*t, t - 3*t + 2*b + 70 = 0. Let m = -21 + t. Calculate the remainder when 29 is divided by m.
7
Let a(l) be the first derivative of -l**3/3 + 6*l**2 - 7*l - 1. Calculate the remainder when a(6) is divided by (-1)/(2 - (-93)/(-45)).
14
Suppose -c - 3*i = -72, -71 - 70 = -2*c - 5*i. Calculate the remainder when c is divided by 16.
15
Suppose 118 - 8 = 5*q. Calculate the remainder when 86 is divided by q.
20
Let c = -1 - -6. Suppose 4*x - 11 = -2*b + 23, 5*x - 65 = -c*b. Suppose f - 4*v - 9 = 0, v - 66 = -2*f - 3*v. Calculate the remainder when f is divided by b.
7
Let i = -1 - -11. What is the remainder when 18 is divided by i?
8
Suppose 0*o + 20 = -5*o. Let q = -2 - o. Calculate the remainder when (3/4)/(-1*4/(-32)) is divided by q.
0
Let b(j) = -j**2 - j + 7. Let a(w) = -w**3 - 4*w**2 + w + 4. Let m be a(-4). What is the remainder when 18 is divided by b(m)?
4
Suppose -5*v + 64 = -31. What is the remainder when v is divided by 14?
5
Calculate the remainder when 35 is divided by 1 + (-2)/((-4)/22).
11
Let z(h) = h**3 - 5*h**2 - 2*h - 1. Let w(r) = 2*r. Let o be w(3). Let d = 26 - 14. What is the remainder when z(o) is divided by d?
11
Let u(d) = -d**2 + 7*d + 2. Let f be u(6). Let g = f - -5. What is the remainder when 49 is divided by g?
10
Suppose -2 + 8 = a. Suppose 0 = -2*c + 2 + a. Suppose -c*d + 122 = -22. What is the remainder when d is divided by 13?
10
Suppose 0 = -2*n + n - 23. Let m = 36 + n. Calculate the remainder when m is divided by 5.
3
Suppose -4*b + 4*k = -24 - 16, -4*b = 5*k - 76. Calculate the remainder when b is divided by 8.
6
Suppose 8 = 3*p - 5*p, 4*a = -p + 24. Let s be 4/16 - 2/8. Suppose -b = 3*u + 12, b - 3*u = -s*b + 18. Calculate the remainder when a is divided by b.
1
Let j(o) = o + 10. What is the remainder when j(3) is divided by 7?
6
Suppose -5*a - q = -3*q - 46, -4*q + 12 = 3*a. Suppose l - 8 + 33 = -5*b, 4*b = -5*l - 20. Let d = 5 - l. Calculate the remainder when a is divided by d.
3
Let x = 6 + 1. Suppose -x = 5*s - g + 5*g, -3*s - 9 = 4*g. What is the remainder when 4 is divided by s?
0
Let a be (-6)/27 + 634/18. Let k = -20 + a. What is the remainder when 42 is divided by k?
12
Let c = -80 - -123. Calculate the remainder when c is divided by 11.
10
Calculate the remainder when (-3 - -4)/(340/84 - 4) is divided by 12.
9
Suppose -s = 3*s - 156. Calculate the remainder when 